{"id":705,"date":"2026-05-09T10:20:09","date_gmt":"2026-05-09T08:20:09","guid":{"rendered":"https:\/\/www.mv-altomuenster.de\/?page_id=705"},"modified":"2026-05-09T16:13:40","modified_gmt":"2026-05-09T14:13:40","slug":"musikverein-altomuenster-50-jahre-jubilaeum","status":"publish","type":"page","link":"https:\/\/www.mv-altomuenster.de\/","title":{"rendered":"Musikverein Altom\u00fcnster &#8211; 50 Jahre Jubil\u00e4um"},"content":{"rendered":"\n<figure class=\"wp-block-image size-large\"><img loading=\"lazy\" decoding=\"async\" width=\"726\" height=\"1024\" src=\"https:\/\/www.mv-altomuenster.de\/wp-content\/uploads\/2026\/04\/A3A5F814-6E7F-463E-A8BC-C83C08BCEBEF-726x1024.jpeg\" alt=\"\" class=\"wp-image-694\" srcset=\"https:\/\/www.mv-altomuenster.de\/wp-content\/uploads\/2026\/04\/A3A5F814-6E7F-463E-A8BC-C83C08BCEBEF-726x1024.jpeg 726w, https:\/\/www.mv-altomuenster.de\/wp-content\/uploads\/2026\/04\/A3A5F814-6E7F-463E-A8BC-C83C08BCEBEF-213x300.jpeg 213w, https:\/\/www.mv-altomuenster.de\/wp-content\/uploads\/2026\/04\/A3A5F814-6E7F-463E-A8BC-C83C08BCEBEF-768x1084.jpeg 768w, https:\/\/www.mv-altomuenster.de\/wp-content\/uploads\/2026\/04\/A3A5F814-6E7F-463E-A8BC-C83C08BCEBEF-1089x1536.jpeg 1089w, https:\/\/www.mv-altomuenster.de\/wp-content\/uploads\/2026\/04\/A3A5F814-6E7F-463E-A8BC-C83C08BCEBEF.jpeg 1134w\" sizes=\"auto, (max-width: 726px) 100vw, 726px\" \/><\/figure>\n\n\n\n<p class=\"has-text-align-center\" style=\"font-size:20px\"><strong>Onkel Bazi Orchester<\/strong><\/p>\n\n\n\n<p class=\"has-text-align-center\" style=\"font-size:15px\">mit Bewirtung<\/p>\n\n\n\n<p class=\"has-text-align-center\" style=\"font-size:16px\">am 26. Juni um 19 Uhr <br>im Kapplersaal, <br>Nerbstra\u00dfe 8, 85250 Altom\u00fcnster <\/p>\n\n\n\n<p class=\"has-text-align-center\" style=\"font-size:15px\">Jede Eintrittskarte inklusive <br>Gutschein\u00a0f\u00fcr ein Freigetr\u00e4nk <br>(g\u00fcltig am 26.06.2026) <\/p>\n\n\n\n<p class=\"has-text-align-center\" style=\"font-size:15px\">Ticketvorverkauf im <br>Infob\u00fcro der Marktgemeinde Altom\u00fcnster <\/p>\n\n\n\n<p class=\"has-text-align-center\" style=\"font-size:15px\"><a href=\"https:\/\/altomuenster.de\/freizeit-kultur\/infobuero\/\" target=\"_blank\" rel=\"noreferrer noopener\">https:\/\/altomuenster.de\/freizeit-kultur\/infobuero\/<\/a><\/p>\n\n\n\n<p class=\"has-text-align-center\" style=\"font-size:15px\">oder <br>im Proberaum des MV Altom\u00fcnster <br>Altom\u00fcnster, Schultreppe 3 (1. Stock)<br>Do. 28.05. 19 &#8211; 21 Uhr <\/p>\n\n\n\n<p class=\"has-text-align-center\" style=\"font-size:15px\"><a href=\"mailto:info@mv-altomuenster.de\">Musikverein Altom\u00fcnster e.V.<\/a><\/p>\n\n\n\n<p style=\"font-size:16px\">Das Onkel Bazi Orchester, besteht aus vier Nu\u00dfdorfer Freunden &#8211; Bene Mias, Christoph Sinhart, Hias Weyerer und B\u00e4da beziehungsweise Peter Dettendorfer. Sie musizieren teilweise schon seit ihrer Kindheit zusammen.&nbsp;<\/p>\n\n\n\n<p style=\"font-size:16px\">Der musikalische Background liegt bei den Vieren stets auf der traditionellen Volksmusik. \u201eDa kommen wir alle her, das lieben wir\u201c, sagt Christoph. Doch stilistische Grenzen gibt es beim Onkel Bazi Orchester nicht. Da mischen sich auch moderne Songs unter das Programm, ein Disco-Pogo ist f\u00fcr die Musiker auch kein Problem. Ebenso wenig wie eigene St\u00fccke, die dann mit \u00e4u\u00dferst am\u00fcsanten Texten daherkommen. Wird da viel geprobt? Eher weniger. Bene: \u201eWie spielen so viel live, da entwickeln sich die Lieder wie von selbst und wir sehen gleich wie das aufs Publikum wirkt. Es ist so ein Vorantasten mit der Musik.\u201c<\/p>\n\n\n\n<p style=\"font-size:16px\">Hias Weyerer, der Mann mit der Gitarre, ist der Onkel Bazi, so fand die kleine Nichte, die seinen Namen nicht aussprechen konnte. Als Orchester sehen sich die Musikanten, weil sie vom Ehrgeiz getrieben werden, so viele Instrumente zu spielen, wie im Auto Platz finden. Derzeit sind es 16 Instrumente \u2013 darunter Akkordeon, Klarinette, Trompete, Posaune, Saxophon, Sousaphon, Ukulele, Alphorn und viele weitere.&nbsp;<\/p>\n\n\n\n<p style=\"font-size:16px\">In den vergangenen Jahren trat das Orchester auf zahlreichen Veranstaltungen in Bayern und \u00d6sterreich auf, unter anderem bei Volksfesten, Badefesten, Almfesten sowie auf der M\u00fcnchner Oidn Wiesn.&nbsp;<\/p>\n\n\n\n<p class=\"has-text-align-center\" style=\"font-size:19px\"><br><\/p>\n\n\n\n<figure class=\"wp-block-image size-large\"><img loading=\"lazy\" decoding=\"async\" width=\"718\" height=\"1024\" src=\"https:\/\/www.mv-altomuenster.de\/wp-content\/uploads\/2026\/05\/IMG_4907-718x1024.jpg\" alt=\"Musikverein Altom\u00fcnster 50-j\u00e4hriges Jubil\u00e4um\" class=\"wp-image-713\" srcset=\"https:\/\/www.mv-altomuenster.de\/wp-content\/uploads\/2026\/05\/IMG_4907-718x1024.jpg 718w, https:\/\/www.mv-altomuenster.de\/wp-content\/uploads\/2026\/05\/IMG_4907-210x300.jpg 210w, https:\/\/www.mv-altomuenster.de\/wp-content\/uploads\/2026\/05\/IMG_4907-768x1095.jpg 768w, https:\/\/www.mv-altomuenster.de\/wp-content\/uploads\/2026\/05\/IMG_4907-1077x1536.jpg 1077w, https:\/\/www.mv-altomuenster.de\/wp-content\/uploads\/2026\/05\/IMG_4907.jpg 1179w\" sizes=\"auto, (max-width: 718px) 100vw, 718px\" \/><\/figure>\n\n\n\n<p class=\"has-text-align-center\" style=\"font-size:20px\"><br><strong>9:30 Uhr Festgottesdienst<\/strong><\/p>\n\n\n\n<p>Am Sonntag beginnt unser Jubil\u00e4umswochenende mit einem Festgottesdienst in der Pfarrkirche, den wir stimmungsvoll musikalisch gestalten und gemeinsam mit allen Musikern und G\u00e4sten feiern. <br><\/p>\n\n\n\n<p class=\"has-text-align-center\" style=\"font-size:20px\"><strong>11:00 Uhr Gesamtspiel<\/strong><br>Marktplatz<\/p>\n\n\n\n<p style=\"font-size:15px\">Anschlie\u00dfend findet auf dem Marktplatz ein Gesamtspiel mit all unseren befreundeten Musikern und Blaskapellen aus nah und fern statt. <\/p>\n","protected":false},"excerpt":{"rendered":"<p>Onkel Bazi Orchester mit Bewirtung am 26. Juni um 19 Uhr im Kapplersaal, Nerbstra\u00dfe 8, 85250 Altom\u00fcnster Jede Eintrittskarte inklusive<\/p>\n","protected":false},"author":1,"featured_media":0,"parent":0,"menu_order":0,"comment_status":"closed","ping_status":"closed","template":"","meta":{"colormag_page_container_layout":"default_layout","colormag_page_sidebar_layout":"default_layout","footnotes":""},"class_list":["post-705","page","type-page","status-publish","hentry"],"_links":{"self":[{"href":"https:\/\/www.mv-altomuenster.de\/index.php?rest_route=\/wp\/v2\/pages\/705","targetHints":{"allow":["GET"]}}],"collection":[{"href":"https:\/\/www.mv-altomuenster.de\/index.php?rest_route=\/wp\/v2\/pages"}],"about":[{"href":"https:\/\/www.mv-altomuenster.de\/index.php?rest_route=\/wp\/v2\/types\/page"}],"author":[{"embeddable":true,"href":"https:\/\/www.mv-altomuenster.de\/index.php?rest_route=\/wp\/v2\/users\/1"}],"replies":[{"embeddable":true,"href":"https:\/\/www.mv-altomuenster.de\/index.php?rest_route=%2Fwp%2Fv2%2Fcomments&post=705"}],"version-history":[{"count":23,"href":"https:\/\/www.mv-altomuenster.de\/index.php?rest_route=\/wp\/v2\/pages\/705\/revisions"}],"predecessor-version":[{"id":747,"href":"https:\/\/www.mv-altomuenster.de\/index.php?rest_route=\/wp\/v2\/pages\/705\/revisions\/747"}],"wp:attachment":[{"href":"https:\/\/www.mv-altomuenster.de\/index.php?rest_route=%2Fwp%2Fv2%2Fmedia&parent=705"}],"curies":[{"name":"wp","href":"https:\/\/api.w.org\/{rel}","templated":true}]}}